s divided by 281.
167
What is the remainder when 59882 is divided by 1393?
1376
Calculate the remainder when 106066 is divided by 13.
12
Calculate the remainder when 104245 is divided by 143.
141
What is the remainder when 68352 is divided by 256?
0
Calculate the remainder when 2356 is divided by 1589.
767
What is the remainder when 58041 is divided by 19?
15
What is the remainder when 432696 is divided by 39?
30
What is the remainder when 51863 is divided by 27?
23
What is the remainder when 526357 is divided by 605?
7
What is the remainder when 95706 is divided by 569?
114
What is the remainder when 27191 is divided by 618?
617
What is the remainder when 130898 is divided by 43618?
44
Calculate the remainder when 20928 is divided by 46.
44
What is the remainder when 6701 is divided by 2233?
2
What is the remainder when 5279 is divided by 5201?
78
Calculate the remainder when 3521 is divided by 874.
25
What is the remainder when 6541 is divided by 544?
13
Calculate the remainder when 10400 is divided by 117.
104
Calculate the remainder when 2147 is divided by 372.
287
Calculate the remainder when 1219 is divided by 368.
115
Calculate the remainder when 160562 is divided by 80277.
8
What is the remainder when 17649 is divided by 806?
723
What is the remainder when 74031 is divided by 16?
15
What is the remainder when 1143028 is divided by 40?
28
What is the remainder when 183769 is divided by 569?
551
Calculate the remainder when 1339 is divided by 268.
267
Calculate the remainder when 4442 is divided by 217.
102
What is the remainder when 204221 is divided by 8507?
53
Calculate the remainder when 28880 is divided by 48.
32
Calculate the remainder when 19750 is divided by 22.
16
Calculate the remainder when 21420 is divided by 30.
0
What is the remainder when 112187 is divided by 47?
45
Calculate the remainder when 8126 is divided by 15.
11
Calculate the remainder when 2926 is divided by 189.
91
Calculate the remainder when 1490 is divided by 218.
182
What is the remainder when 116399 is divided by 300?
299
What is the remainder when 5991 is divided by 2696?
599
What is the remainder when 61950 is divided by 38?
10
What is the remainder when 32766 is divided by 56?
6
What is the remainder when 190447 is divided by 10023?
10
What is the remainder when 1120 is divided by 26?
2
What is the remainder when 46632 is divided by 15541?
9
Calculate the remainder when 45199 is divided by 50.
49
Calculate the remainder when 6417 is divided by 20.
17
What is the remainder when 45692 is divided by 11230?
772
Calculate the remainder when 47025 is divided by 421.
294
What is the remainder when 3561292 is divided by 540?
532
Calculate the remainder when 4269 is divided by 696.
93
What is the remainder when 8731 is divided by 59?
58
What is the remainder when 1692 is divided by 162?
72
Calculate the remainder when 2878 is divided by 283.
48
Calculate the remainder when 24211 is divided by 562.
45
What is the remainder when 23915 is divided by 196?
3
What is the remainder when 660 is divided by 87?
51
What is the remainder when 1843 is divided by 269?
229
What is the remainder when 1816 is divided by 258?
10
What is the remainder when 242989 is divided by 2858?
59
What is the remainder when 1687 is divided by 531?
94
Calculate the remainder when 30961 is divided by 178.
167
Calculate the remainder when 124080 is divided by 3.
0
What is the remainder when 277572 is divided by 31?
29
What is the remainder when 21394 is divided by 22?
10
What is the remainder when 421300 is divided by 51?
40
What is the remainder when 1486 is divided by 81?
28
What is the remainder when 12527 is divided by 258?
143
Calculate the remainder when 4253 is divided by 913.
601
Calculate the remainder when 36291 is divided by 9061.
47
What is the remainder when 113919 is divided by 20?
19
Calculate the remainder when 5720 is divided by 100.
20
Calculate the remainder when 18405 is divided by 737.
717
Calculate the remainder when 28943 is divided by 14462.
19
Calculate the remainder when 18475 is divided by 303.
295
Calculate the remainder when 631344 is divided by 210442.
18
Calculate the remainder when 13439 is divided by 17.
9
What is the remainder when 17553 is divided by 1949?
12
Calculate the remainder when 18829 is divided by 1344.
13
What is the remainder when 2331 is divided by 629?
444
Calculate the remainder when 134566 is divided by 22.
14
Calculate the remainder when 6240 is divided by 2054.
78
What is the remainder when 24206 is divided by 3403?
385
What is the remainder when 3326 is divided by 1105?
11
What is the remainder when 6556 is divided by 3277?
2
What is the remainder when 18097 is divided by 359?
147
What is the remainder when 10470 is divided by 1?
0
What is the remainder when 2423 is divided by 644?
491
Calculate the remainder when 13647 is divided by 13.
10
What is the remainder when 483 is divided by 251?
232
Calculate the remainder when 822 is divided by 25.
22
Calculate the remainder when 48218 is divided by 67.
45
Calculate the remainder when 54574 is divided by 18173.
55
Calculate the remainder when 1710 is divided by 970.
740
What is the remainder when 1238 is divided by 530?
178
What is the remainder when 1777304 is divided by 52?
48
Calculate the remainder when 1247945 is divided by 301.
300
What is the remainder when 24515 is divided by 16?
3
Calculate the remainder when 5295 is divided by 26.
17
Calculate the remainder when 47874 is divided by 1708.
50
What is the remainder when 75918 is divided by 274?
20
Calculate the remainder when 274163 is divided by 68492.
195
Calculate the remainder when 2901119 is divided by 658.
655
What is the remainder when 118725 is divided by 58?
57
What is the remainder when 245320 is divided by 14?
12
Calculate the remainder when 140872 is divided by 70368.
136
Calculate the remainder when 3329 is divided by 75.
29
Calculate the remainder when 1265939 is divided by 65.
64
Calculate the remainder when 88357 is divided by 88347.
10
Calculate the remainder when 56640 is divided by 494.
324
Calculate the remainder when 1140 is divided by 11.
7
What is the remainder when 1051678 is divided by 20?
18
What is the remainder when 9654 is divided by 32?
22
What is the remainder when 4984 is divided by 24?
16
What is the remainder when 65468 is divided by 64?
60
What is the remainder when 67598 is divided by 63?
62
Calculate the remainder when 1131 is divided by 366.
33
Calculate the remainder when 257565 is divided by 341.
110
Calculate the remainder when 427739 is divided by 268.
11
What is the remainder when 533 is divided by 370?
163
What is the remainder when 12596 is divided by 180?
176
What is the remainder when 135747 is divided by 2121?
3
Calculate the remainder when 3766 is divided by 4.
2
What is the remainder when 17235 is divided by 31?
30
Calculate the remainder when 433483 is divided by 45.
43
Calculate the remainder when 2196 is divided by 436.
16
What is the remainder when 1318 is divided by 39?
31
Calculate the remainder when 47239 is divided by 21.
10
Calculate the remainder when 9924 is divided by 52.
44
Calculate the remainder when 139944 is divided by 46642.
18
What is the remainder when 3944 is divided by 208?
200
What is the remainder when 4572 is divided by 1515?
27
What is the remainder when 23416 is divided by 142?
128
Calculate the remainder when 237633 is divided by 262.
261
What is the remainder when 124829 is divided by 12482?
9
Calculate the remainder when 5783229 is divided by 672.
669
Calculate the remainder when 1503074 is divided by 525.
524
Calculate the remainder when 229636 is divided by 41.
36
What is the remainder when 683 is divided by 673?
10
Calculate the remainder when 29355 is divided by 17.
13
What is the remainder when 1158124 is divided by 109?
108
What is the remainder when 12374 is divided by 2060?
14
Calculate the remainder when 863564 is divided by 432.
428
What is the remainder when 93584 is divided by 19?
9
Calculate the remainder when 3026 is divided by 15.
11
Calculate the remainder when 3467 is divided by 48.
11
Calculate the remainder when 2159 is divided by 303.
38
Calculate the remainder when 5254 is divided by 160.
134
Calculate the remainder when 33936 is divided 